2
-3 (base 8) to base 13
-3
What is 100 (base 2) in base 4?
10
What is c (base 13) in base 16?
c
Convert 3 (base 14) to base 15.
3
Convert 122 (base 3) to base 14.
13
-13 (base 14) to base 3
-122
Convert 9 (base 15) to base 10.
9
Convert -15 (base 6) to base 4.
-23
Convert -12 (base 8) to base 14.
-a
-122 (base 6) to base 2
-110010
What is -4 (base 10) in base 3?
-11
What is -3 (base 4) in base 12?
-3
Convert 11 (base 3) to base 12.
4
What is 2 (base 3) in base 11?
2
-1 (base 11) to base 15
-1
What is -6 (base 14) in base 16?
-6
11000 (base 3) to base 6
300
What is -22 (base 7) in base 12?
-14
What is 1 (base 14) in base 16?
1
What is e (base 15) in base 8?
16
-24 (base 5) to base 15
-e
-3 (base 11) to base 13
-3
What is 20000 (base 3) in base 12?
116
Convert 1b (base 13) to base 14.
1a
Convert 112 (base 3) to base 15.
e
Convert -3 (base 14) to base 3.
-10
Convert -ea (base 15) to base 4.
-3130
What is 34 (base 6) in base 10?
22
What is 3 (base 15) in base 5?
3
Convert -146 (base 7) to base 6.
-215
Convert 17 (base 11) to base 5.
33
What is 2 (base 4) in base 6?
2
What is 0 (base 3) in base 2?
0
What is -21 (base 3) in base 7?
-10
What is -2140 (base 5) in base 15?
-14a
-2 (base 5) to base 16
-2
What is 224 (base 9) in base 13?
112
-1 (base 15) to base 12
-1
-32 (base 4) to base 10
-14
7 (base 14) to base 10
7
-2 (base 7) to base 11
-2
What is -1100001 (base 2) in base 5?
-342
-2 (base 13) to base 7
-2
What is -2b (base 13) in base 6?
-101
Convert -13 (base 6) to base 8.
-11
-1 (base 5) to base 7
-1
What is 3 (base 11) in base 8?
3
What is -12 (base 5) in base 2?
-111
Convert -3 (base 15) to base 4.
-3
What is -25 (base 11) in base 13?
-21
-11 (base 2) to base 11
-3
1 (base 15) to base 5
1
-3 (base 7) to base 2
-11
Convert 1 (base 3) to base 14.
1
1 (base 4) to base 2
1
Convert 23 (base 4) to base 6.
15
What is 2 (base 9) in base 11?
2
What is -14 (base 14) in base 5?
-33
Convert -1 (base 6) to base 5.
-1
-133 (base 6) to base 13
-45
Convert b8 (base 16) to base 10.
184
What is -12 (base 13) in base 10?
-15
0 (base 11) to base 2
0
43 (base 6) to base 12
23
-23 (base 10) to base 14
-19
Convert -112 (base 12) to base 9.
-185
-31 (base 6) to base 13
-16
Convert -11 (base 2) to base 10.
-3
Convert 4 (base 6) to base 13.
4
9 (base 12) to base 6
13
What is 11 (base 7) in base 2?
1000
Convert -7 (base 10) to base 12.
-7
Convert 13 (base 4) to base 16.
7
19 (base 11) to base 5
40
1 (base 8) to base 14
1
Convert 11 (base 3) to base 5.
4
Convert 2 (base 14) to base 9.
2
74 (base 12) to base 4
1120
Convert -2 (base 11) to base 8.
-2
-32 (base 13) to base 7
-56
-11012 (base 4) to base 8
-506
What is -12 (base 12) in base 11?
-13
Convert 277 (base 9) to base 14.
128
-1 (base 14) to base 12
-1
What is d (base 14) in base 2?
1101
What is 33 (base 7) in base 16?
18
3 (base 4) to base 15
3
-3 (base 5) to base 11
-3
What is -10 (base 6) in base 5?
-11
What is -2021 (base 3) in base 5?
-221
Convert 22 (base 4) to base 9.
11
Convert 12 (base 7) to base 12.
9
What is -13 (base 7) in base 14?
-a
What is 1 (base 14) in base 10?
1
10 (base 12) to base 10
12
-50 (base 10) to base 7
-101
-11 (base 6) to base 9
-7
What is -23 (base 5) in base 3?
-111
-1b (base 14) to base 4
-121
What is -3 (base 15) in base 3?
-10
What is 28 (base 9) in base 8?
32
-1100 (base 3) to base 13
-2a
Convert 21 (base 6) to base 10.
13
What is 3 (base 15) in base 16?
3
Convert -84 (base 9) to base 14.
-56
7 (base 12) to base 14
7
Convert 10 (base 2) to base 16.
2
40 (base 15) to base 14
44
Convert 0 (base 2) to base 6.
0
Convert -1 (base 8) to base 15.
-1
Convert 101 (base 5) to base 2.
11010
Convert -11 (base 12) to base 3.
-111
-311 (base 5) to base 14
-5b
6 (base 7) to base 10
6
Convert -112 (base 10) to base 8.
-160
15 (base 9) to base 12
12
-124 (base 6) to base 4
-310
Convert -63 (base 8) to base 12.
-43
-26 (base 16) to base 11
-35
2 (base 4) to base 16
2
Convert 25 (base 9) to base 16.
17
What is 21 (base 14) in base 13?
23
1b (base 15) to base 2
11010
What is -13 (base 5) in base 12?
-8
What is 10 (base 2) in base 8?
2
10001 (base 2) to base 16
11
What is -1 (base 14) in base 9?
-1
Convert -33 (base 14) to base 5.
-140
-101 (base 2) to base 6
-5
-155 (base 9) to base 15
-8b
Convert 111 (base 2) to base 9.
7
-28 (base 10) to base 4
-130
What is 3 (base 5) in base 15?
3
What is 101 (base 3) in base 6?
14
1 (base 11) to base 9
1
64 (base 11) to base 9
77
Convert -6 (base 7) to base 13.
-6
10210 (base 3) to base 14
74
Convert 79 (base 12) to base 10.
93
Convert -110 (base 2) to base 4.
-12
-10 (base 3) to base 7
-3
Convert -21 (base 5) to base 13.
-b
Convert 66 (base 14) to base 4.
1122
-3 (base 5) to base 2
-11
Convert 29 (base 13) to base 16.
23
Convert 3 (base 5) to base 8.
3
10 (base 3) to base 9
3
What is 60 (base 7) in base 5?
132
What is 0 (base 3) in base 11?
0
What is 5 (base 6) in base 11?
5
-23 (base 5) to base 6
-21
Convert e (base 15) to base 8.
16
Convert 81 (base 15) to base 5.
441
-314 (base 8) to base 9
-246
-50 (base 8) to base 10
-40
Convert -3 (base 16) to base 15.
-3
Convert 2c (base 13) to base 15.
28
What is 1234 (base 5) in base 7?
365
Convert -1b (base 16) to base 6.
-43
What is -10010000 (base 2) in base 4?
-2100
-3 (base 11) to base 3
-10
What is 4 (base 14) in base 6?
4
-9 (base 10) to base 6
-13
What is -1 (base 15) in base 11?
-1
What is 25 (base 6) in base 15?
12
Convert 83 (base 14) to base 4.
1303
Convert -22 (base 6) to base 11.
-13
Convert -7f (base 16) to base 8.
-177
-304 (base 7) to base 3
-12121
Convert b (base 13) to base 4.
23
Convert -b (base 14) to base 11.
-10
Convert -2 (base 13) to base 4.
-2
What is -1 (base 16) in base 3?
-1
Convert -2 (base 15) to base 5.
-2
Convert 10 (base 9) to base 13.
9
Convert -11 (base 8) to base 13.
-9
What is -6 (base 11) in base 4?
-12
What is -2 (base 7) in base 13?
-2
Convert 40 (base 12) to base 16.
30
What is 3a (base 11) in base 9?
47
Convert 22000 (base 3) to base 12.
160
20 (base 6) to base 4
30
Convert 0 (base 13) to base 9.
0
49 (base 11) to base 4
311
What is -31 (base 8) in base 13?
-1c
6 (base 7) to base 11
6
Convert 84 (base 10) to base 2.
1010100
Convert -100012 (base 3) to base 10.
-248
32 (base 7) to base 9
25
Convert 1010 (base 2) to base 16.
a
Convert -1 (base 3) to base 16.
-1
Convert 0 (base 10) to base 12.
0
What is 5 (base 11) in base 9?
5
What is -421 (base 8) in base 14?
-157
-12 (base 5) to base 8
-7
-1 (base 7) to base 3
-1
Convert -61 (base 7) to base 6.
-111
What is 232 (base 5) in base 14?
4b
Convert 92 (base 14) to base 6.
332
12 (base 7) to base 4
21
2d (base 15) to base 11
3a
What is -23 (base 10) in base 3?
-212
Convert -11 (base 8) to base 5.
-14
Convert 103 (base 11) to base 14.
8c
86 (base 10) to base 16
56
What is 3 (base 16) in base 7?
3
38 (base 14) to base 3
1212
Convert -1211 (base 3) to base 8.
-61
What is -29 (base 10) in base 5?
-104
-5 (base 10) to base 8
-5
Convert 0 (base 16) to base 6.
0
What is -c (base 16) in base 3?
-110
What is -134 (base 6) in base 7?
-112
Convert 1432 (base 5) to base 11.
200
Convert -112 (base 7) to base 4.
-322
7 (base 14) to base 11
7
What is 6 (base 8) in base 10?
6
-17 (base 11) to base 3
-200
Convert -17 (base 11) to base 3.
-200
What is -2 (base 5) in base 10?
-2
-11 (base 13) to base 3
-112
Convert -4 (base 11) to base 10.
-4
-120 (base 4) to base 13
-1b
-6f (base 16) to base 3
-11010
225 (base 6) to base 4
1121
1 (base 13) to base 16
1
Convert 151 (base 7) to base 15.
5a
What is 10 (base 15) in base 4?
33
Convert 58 (base 14) to base 7.
141
-2 (base 16) to base 7
-2
What is c (base 13) in base 7?
15
Convert -312 (base 7) to base 9.
-183
-220 (base 8) to base 3
-12100
Convert 41 (base 16) to base 14.
49
Convert -1 (base 7) to base 3.
-1
What is -2 (base 5) in base 14?
-2
Convert 40 (base 9) to base 14.
28
What is -20 (base 11) in base 15?
-17
What is -1 (base 15) in base 7?
-1
Convert 10 (base 5) to base 3.
12
Convert -10 (base 9) to base 15.
-9
Convert 10 (base 13) to base 2.
1101
-1 (base 12) to base 11
-1
-3a (base 12) to base 10
-46
75 (base 16) to base 4
1311
Convert 5 (base 14) to base 4.
11
Convert 10 (base 6) to base 7.
6
3 (base 16) to base 4
3
25 (base 7) to base 15
14
27 (base 15) to base 5
122
What is -23 (base 12) in ba